)/((-13)/(-26))?
293
Let c = 4027 - 3526. List the prime factors of c.
3, 167
Let c(m) = m - 1. Let q be c(16). Suppose -q = -5*k + 10. Suppose 4*p + 215 = 2*f + k*p, 0 = 4*f - 3*p - 435. What are the prime factors of f?
2, 3
Let s(m) = 16416*m**2 + 31*m + 31. What are the prime factors of s(-1)?
2, 3, 19
Suppose -29*m + 113872 = -m - 6*m. What are the prime factors of m?
2, 647
Let w = -3224 - -8828. Suppose -6*x - w = -12*x. List the prime factors of x.
2, 467
What are the prime factors of (-2838)/(-1) + 2/9 + (-110)/90?
2837
List the prime factors of (-16)/28*161448/(-12).
2, 31
Let x(a) = 1658*a + 2843. What are the prime factors of x(18)?
32687
Let v be 14/(-10) + (-12)/(-30) + 501. Suppose 0 = -9*c + 5*c + v. Suppose -3*y + 119 = -0*q + q, 3*y = q - c. What are the prime factors of q?
2, 61
Let s = -49 + 51. What are the prime factors of s*3/((-42)/(-1001))?
11, 13
Let c = 15 + -20. Let p = -494 + 489. What are the prime factors of 96 - (-1)/(p/c)?
97
List the prime factors of -28*((-30390)/(-100))/((-6)/5).
7, 1013
Let b(j) = -j**3 + 4*j**2 - 12*j + 2. Let g be b(10). List the prime factors of 8 + -6 - (g - 1).
7, 103
Let m(s) = 29*s**2 + 98*s - 1111. List the prime factors of m(10).
3, 13, 71
Let i(v) = -8*v**2 - 13*v - 30. Let o be i(-2). What are the prime factors of (22/(-5))/(o/8640)?
2, 3, 11
Let c(m) = m**3 + 9*m**2 - 11*m - 12. Suppose 40 = -5*x + x. Let g be c(x). Let u(z) = 28*z**2 - z - 3. What are the prime factors of u(g)?
3, 37
Let g(j) = 3237*j - 195. List the prime factors of g(2).
3, 7, 13, 23
Suppose -10*p - 242*p = -1501668. List the prime factors of p.
59, 101
Suppose -71*a - 130 = -76*a. Suppose -n = 2*v - 2*n + 52, 3*v + 92 = 5*n. Let q = a + v. List the prime factors of q.
2
Let j be 47 + (0 + 4 - -1). Suppose 44*s = j*s - 1696. List the prime factors of s.
2, 53
Suppose 7*c + 2*c - 126 = 0. Suppose -c*y + 13*y + 7 = 0. What are the prime factors of y?
7
Suppose -2*g - 1348 = -344. Let t = 627 - g. What are the prime factors of t?
1129
Suppose 11877 = -10*d + 41087. What are the prime factors of d?
23, 127
Let o be (168/(-112))/(3/4). Let y(l) = 2*l + 2*l + 4 + 0 + 9*l**2 + 0*l. What are the prime factors of y(o)?
2
Let j = -25961 + 52443. What are the prime factors of j?
2, 13241
Let c = -6 - -6. Let x(b) = 8*b - 262. Let u(t) = 10*t - 260. Let i(l) = 5*u(l) - 6*x(l). List the prime factors of i(c).
2, 17
Suppose 601*o = -418*o + 265*o + 13313378. List the prime factors of o.
17657
Let l(x) be the second derivative of 29*x**3/3 - 14*x**2 - 93*x. List the prime factors of l(11).
2, 5, 61
Let y = -37 + 37. Suppose y = -f + 5*f - 84. What are the prime factors of (1820/f)/1 + 2/6?
3, 29
Suppose -4*g + 32732 = 4*s - 1232, -s + 5 = 0. What are the prime factors of g?
2, 4243
Suppose -3*g - 3 = -24. Suppose -g*q + 940 = -2*q. List the prime factors of q.
2, 47
What are the prime factors of ((-17 - 15) + 20)/(4/(-12122))?
2, 3, 11, 19, 29
Suppose 0*z = 2*z + 74. Let y = z - -45. Suppose 3*w - y*w = -285. What are the prime factors of w?
3, 19
Suppose 2809 = 7*p - 3617. Suppose 1620 = 6*q - p. List the prime factors of q.
3, 47
Let r = -184 + 361. Suppose 5*s = 4*i + 50, 2*i = -2*s + 3*i + 20. Suppose -r - 523 = -s*k. List the prime factors of k.
2, 5, 7
Let i(y) = -2*y - 11. Let a be i(12). Let p be (-2)/(-7) - 95/a. Suppose -1274 = -p*k - 4*k. What are the prime factors of k?
2, 7, 13
Let t(z) = 945*z - 62. What are the prime factors of t(9)?
8443
Suppose 2*z + 238 = 7*z - 4*t, -z + 40 = 3*t. Suppose -6*m - 782 = z. Let n = -54 - m. List the prime factors of n.
2, 3, 7
Suppose -23*s + 123985 + 71285 = 0. List the prime factors of s.
2, 3, 5, 283
Let q = -40 + 40. Suppose 3*o = -0*o + 2*j, q = 5*o - j - 7. Suppose 0*l + o*l - 170 = -3*z, z = 3*l - 233. List the prime factors of l.
79
Let p(l) = -5*l**3 + 3*l + 1. Let b = -13 - -20. Suppose -7*g - 7 = b. What are the prime factors of p(g)?
5, 7
Suppose -177*g = -8762327 + 2722733. List the prime factors of g.
2, 3, 11, 47
Suppose 1699 + 1317 = 8*p. Suppose -6*u + u + 2*d = -680, 5*d - p = -3*u. What are the prime factors of u?
2, 67
Suppose 3*p + 60060 = 3*x + 16485, 4*p - 72598 = -5*x. List the prime factors of x.
2, 53, 137
Suppose 144 = 26*u - 2*u. List the prime factors of -4 - (u + (8 - 704)).
2, 7
Let s be (8 + 136/(-16))*0/1. Suppose 0 = 3*g + 2*t - 1647, 5*g = 4*t - s*t + 2745. What are the prime factors of g?
3, 61
Let l = 476 - 97. List the prime factors of (2 + 2)/(-2) + l.
13, 29
Let c = -18 - -22. Let t be -6 - c/((-8)/6). List the prime factors of 12*39*t/(-36).
3, 13
Let w(o) = 927*o + 1411. What are the prime factors of w(14)?
14389
Let b(n) = -n**2 + 25*n - 61. Let s = -30 + 52. List the prime factors of b(s).
5
Suppose 3*i = -0*i + 4*m + 27, -4*i - 4*m + 36 = 0. Let z = 43 + -15. Let v = i + z. What are the prime factors of v?
37
Let u(p) = 5*p**2 - 44*p - 75. What are the prime factors of u(44)?
7669
Suppose -161*t + 23113455 = 192*t + 8100012. What are the prime factors of t?
3, 14177
Suppose -3*v + 7 = 4*v. Suppose 0 = 10*t - 5*t - 15. What are the prime factors of (-4)/v - (-78 - t)?
7, 11
Let k(n) = 286*n**2 + 114*n + 338. What are the prime factors of k(-3)?
2, 5, 257
Let l(o) = -11*o - 148. Let y be l(-14). Suppose 5*d + 7660 = 5*g, -g + d = y*d - 1556. What are the prime factors of g?
2, 3
Suppose -3 = -3*u + 54. Suppose 0 = 17*q - u*q + 676. List the prime factors of q.
2, 13
Let s(d) = d - 6. Let r be s(11). Suppose -r*h - 5*i + 1720 = 0, 2*h + h = -i + 1040. List the prime factors of h.
2, 3, 29
List the prime factors of (-58)/377 - 88016*(-4 - (-198)/52).
2, 3, 7, 13, 31
Let j = 8693 + 8065. What are the prime factors of j?
2, 3, 7, 19
List the prime factors of (4/(-2))/(34/(-119) + (-39720)/(-139041)).
3, 7, 2207
Let i(h) = 35*h**2 + 142*h + 22. List the prime factors of i(-21).
5, 499
Suppose 6*n = 38*n + 45574 - 194054. List the prime factors of n.
2, 5, 29
Let x(q) = -16883*q + 113. List the prime factors of x(-2).
3, 23, 491
Let h(r) = -2*r + 1. Let v(m) = 139*m - 136. Let d(x) = -2*h(x) + v(x). What are the prime factors of d(6)?
2, 3, 5
Let m = -11740 + 20289. List the prime factors of m.
83, 103
Let m(p) = -p - 4. Let l be 1*-3 - (-6)/(-12)*-14. Let b be m(l). Let a = b - -22. List the prime factors of a.
2, 7
List the prime factors of 500*(0 + 4/40*35).
2, 5, 7
Suppose 0 = -40*t - 49*t + 573961. List the prime factors of t.
6449
Suppose 684 = 12*s + 24. Suppose v - s = 152. Let m = 364 - v. What are the prime factors of m?
157
Suppose 5*t = -5*o + 63990, -15 = 14*o - 11*o. What are the prime factors of t?
7, 31, 59
Suppose -6*v + 45 = -v + 5*b, 3*b - 15 = -v. Let m(d) = d**3 - 8*d**2 + 5*d + 5. Let p be m(v). Let j = p + 73. List the prime factors of j.
2, 3
Suppose 2*j + 4*n = -58, 5*j + 16 + 102 = -n. Let r = j + 71. Suppose -8*s + 2336 = r. List the prime factors of s.
2, 11, 13
Suppose -2*l + 4*t - 2956 = 0, -2*l + 0*t + 2*t - 2946 = 0. What are the prime factors of 3/6*5/((-10)/l)?
367
What are the prime factors of (3239/(-2) - 2)*(181 - 187)?
3, 23, 47
Suppose 0*g - 6*g + 42 = 0. Let q(k) be the third derivative of 11*k**4/24 - 5*k**3/2 + 2*k**2. List the prime factors of q(g).
2, 31
Let c = -89 - -9. Let r be (c/(-15) - 4)*294. Suppose -5*o + 3*f = -f - r, 2*o + 3*f - 143 = 0. List the prime factors of o.
2, 19
Let c = -3931 - -6318. List the prime factors of c.
7, 11, 31
Suppose 207*p - 194*p = 66170. What are the prime factors of p?
2, 5, 509
Let t be (-11085)/(-12) - 39/52. Suppose 7258 - t = 7*l. List the prime factors of l.
5, 181
Let q(h) = 8*h**3 + h**2 + 2085. List the prime factors of q(0).
3, 5, 139
Let x be (-1525)/(-15) + 2/6*-2. Suppose 2*c - 2*w = 62 + 44, x = 2*c - 3*w. List the prime factors of 10/(-1)*3/((-15)/c).
2, 29
Suppose 28 = 7*a - 3*a. Let q(f) = f**3 - a*f**2 - 2*f**3 - 34 - 8*f**2 - 7*f**2 - 30*f. List the prime factors of q(-21).
5, 31
Let x = 41 + -39. Let h be (-12 - -161) + (x - -2). Suppose 2*y + 362 = 2*k, -3*y - h = -2*k + 211. List the prime factors of k.
179
Let t(s) be the third derivative of 34*s**5/5 + s**4/3 + 7*s**3/6 - 19*s**2 + 2*s. What are the prime factors of t(-2)?
3, 541
Let i(n) be the first derivative of 175*n**2/2 - 122*n - 291. What are the prime factors of i(5)?
3, 251